me factors of f.
3, 5, 11
Let f(r) = r**2 - r - 12. Suppose -126 = -14*q + 182. List the prime factors of f(q).
2, 3, 5
Suppose -2*f - 243 = 7*f. Let l be (f + 25)*(-1 - -29). Let m = 139 + l. What are the prime factors of m?
83
Suppose -2*q = 2*q, -4*q + 4 = x. Suppose -2*u - 4*w = -1210, x*u - 2*w + 3*w = 2399. List the prime factors of u.
599
List the prime factors of ((-1275)/10)/(21/(-140)).
2, 5, 17
Let v = -60 + 62. Let g(x) = 3*x**3 + 3*x**2 - 6*x + 3. Let o be g(v). List the prime factors of (222/(-9))/((-6)/o).
3, 37
Suppose -3*k = 10*u - 5*u + 7095, 0 = 2*u + 2*k + 2838. Let r = -426 - u. What are the prime factors of r?
3, 331
Let j(z) = -z + 7. Let o be j(1). Let f(g) = -4*g + 26. Let u be f(o). Suppose u*w = 7*w - 445. What are the prime factors of w?
89
Let k(n) = 3*n**2 - 21*n - 20. Let x(t) = t**2 + 2. Let d(b) = 2*k(b) + 22*x(b). List the prime factors of d(4).
2, 71
Let d(l) = 18*l + 80. Let o be d(-11). Let s = 144 + o. What are the prime factors of s?
2, 13
Let g(l) = -25*l - 152. Let f be g(0). What are the prime factors of 19/(f/(-2976)) - -4?
2, 47
Let j(h) = -195*h**3 + 82*h + 244. List the prime factors of j(-4).
2, 3, 1033
Suppose -4*d + 0*d - 3*y = -112, d - y = 35. Let c be (-5)/(-10) + 326/4. Let x = c - d. List the prime factors of x.
3, 17
Suppose 3*c + 15 = -3*t, 10 = -4*c - 38*t + 36*t. Suppose -3*q = -6*q - 4*k + 6007, 5*q + 2*k - 10021 = c. List the prime factors of q.
5, 401
Let d(p) = -p**2 + 17*p + 55. Let n be d(18). Suppose n*g = 36*g + 29. Suppose -34*i = -g*i - 820. List the prime factors of i.
2, 41
Suppose 2*t = -5*o - 12, -2*o - 3*o - 3*t - 8 = 0. Let l(j) be the third derivative of -j**5/60 - j**4/6 + 7*j**3/6 - 4*j**2. List the prime factors of l(o).
7
Let l(i) = 3*i**2 - 32*i - 3277. What are the prime factors of l(-48)?
5171
Suppose -2*k + 5*b + 16 = k, 16 = -2*k - 2*b. Let n be ((-20)/8)/5 + k/2. What are the prime factors of (-1 - (n - -4)) + 68?
5, 13
What are the prime factors of (23388/(-14))/((-141)/5593)?
2, 17, 1949
Let x(u) be the first derivative of -u**4/12 - 17*u**3/6 + 7*u**2/2 + 10*u + 14. Let c(q) be the first derivative of x(q). What are the prime factors of c(-17)?
7
Let g be 91/((-2)/5 - (-34)/110). Let s = -678 - g. What are the prime factors of s?
17, 19
Let w(n) = n**3 + 11*n**2 + 25*n + 20. Let j be w(-8). Suppose -7 = j*b - 43. Suppose -b*l = 3*m - 0*l - 780, 0 = 5*m - 3*l - 1316. List the prime factors of m.
2, 131
Suppose -3*q - d - 1085 = -21112, 8 = 4*d. What are the prime factors of q?
3, 5, 89
Suppose 4*k = 30882 + 806. Suppose -3*q = -20*q + k. List the prime factors of q.
2, 233
Let v = -2572 - -1459. Let j = -182 - v. List the prime factors of j.
7, 19
Let r = 948 + -757. Let v = 378 - r. What are the prime factors of v?
11, 17
Let q = 2861 - 4448. Let p = q - -2240. List the prime factors of p.
653
Let c be 12*(2/(-56) + (-20)/(-70)). Let j(w) = -22 + 5*w**2 + 3 - c*w**2 + 11*w. List the prime factors of j(-10).
71
Suppose 5*t - 47 = -17. What are the prime factors of 13878/(-36)*(-16)/t?
2, 257
Let f(p) = -9*p - 126. Let w be f(-12). Let q(x) = x**2 + 12*x - 51. List the prime factors of q(w).
3, 19
Suppose 31*i - 24*i + 30422 = 0. Let l = 423 - i. Suppose 23*v - 1395 - l = 0. List the prime factors of v.
2, 67
Let u(d) = 102*d - 27. Suppose 4*t - 12*t + 40 = 0. List the prime factors of u(t).
3, 7, 23
Suppose -365 = -3*g - 4*y, 4*g + g - y = 616. Let m = 261 - 261. Suppose 7*n - 4*n - g = m. List the prime factors of n.
41
What are the prime factors of (-6)/27 + (-7)/9 + -5 + 21314?
2, 7, 761
Let n(w) = 34*w**3 + 23*w**2 + 96*w - 193. What are the prime factors of n(13)?
2, 5, 11, 181
Let g(b) = -b. Let j(i) = -334*i**2 + 4*i - 7. Let p(h) = 3*g(h) - j(h). What are the prime factors of p(1)?
2, 167
Let j be ((-4)/(-8)*-2)/1. Let p be (-1188)/22 - (j - -4). Let d = p + 115. What are the prime factors of d?
2, 29
Let b(s) = -6*s**2 + 22*s + 29. Let a be b(6). Let i(h) = 11*h**2 - 2*h. Let f be i(-3). Let j = f + a. List the prime factors of j.
2, 5
Suppose -4*i - 6711 = -m, 2*m - 1201 = i + 475. Let g = 2904 + i. What are the prime factors of g?
2, 613
Let w(d) = d**3 + 23*d**2 + 52*d + 96. Let g be w(-22). Let i = g + 731. What are the prime factors of i?
167
Let q(s) = 8*s + 18. Suppose -4 - 2 = 2*t. Let p be q(t). List the prime factors of 80/p*3*(-16)/4.
2, 5
Suppose -196 - 458 = -j. Let x = 904 + j. List the prime factors of x.
2, 19, 41
Let k = 92976 - 63333. What are the prime factors of k?
3, 41, 241
Suppose -52*t + 41*t - 64*t + 177675 = 0. What are the prime factors of t?
23, 103
Let u(s) = -5*s + 20. Let g be u(8). Let r be g/12 + 1/3*-1. List the prime factors of (445/10)/((-1)/r).
89
Suppose -30*z = -61966 - 419834. List the prime factors of z.
2, 5, 11, 73
Let l(j) = j**3 + 20*j**2 - 33*j - 2. Let n be l(-22). Let g(m) = -m**3 - 18*m**2 - 8*m - 26. Let a be g(-16). Let q = n - a. What are the prime factors of q?
2, 83
Let o(f) = f**2 - 27*f - 18. Let i be o(19). Let h = i + 305. Let n = 299 - h. What are the prime factors of n?
2, 41
Let u(c) be the third derivative of -c**4/4 - 11*c**3/2 + 2*c**2. Let h = -116 + 97. What are the prime factors of u(h)?
3
Let w(x) be the first derivative of x**4/4 + 11*x**3/3 - 6*x**2 + 21*x + 55. What are the prime factors of w(-7)?
7, 43
Let q(i) = -i - 40. Let m be q(24). Let c = 122 + m. Let o = -19 + c. What are the prime factors of o?
3, 13
Let z(a) = -126*a + 41*a + 383 + 40*a + 43*a. List the prime factors of z(25).
3, 37
Let r(b) = -20*b - 1 - 6 - 2*b**2 + 3 - 10. Let g(k) = 2*k**3 + 2*k**2 - k - 2. Let s be g(-2). What are the prime factors of r(s)?
2, 3
Suppose 142 = -z - 175. Let m = 352 + z. What are the prime factors of m?
5, 7
Suppose -73*k + 82*k - 18 = 0. Suppose -3*y = 2*z - 353, -y - k*z + 0*z = -123. What are the prime factors of y?
5, 23
What are the prime factors of (494 + -4 - 4)*(15 + 0)?
2, 3, 5
Suppose -25933 + 222983 = 7*m. Suppose 7*x = -18*x + m. What are the prime factors of x?
2, 563
Let g be (6/(-21))/(11/(-6083)). What are the prime factors of (g/5)/(2/20)?
2, 79
Suppose 5*i - 1135 + 365 = 0. Let o = 19 + -13. Suppose -o*p = -158 - i. What are the prime factors of p?
2, 13
Let m = 6 - 4. Let v = -13 + 13. Suppose -m*l + 10*l - 56 = v. What are the prime factors of l?
7
Suppose 2136 = 5*m + 3*d, -2*d - 9 = d. Let b = m + -121. List the prime factors of b.
2, 7, 11
Let w = 358 + -355. Suppose l - 489 = 4*c, 5*l - 2*c = -w*c + 2403. What are the prime factors of l?
13, 37
Let f(m) = 3*m - 3. Let c = 9 + -3. Let y be f(c). Suppose -p - y = -4*p, -2*p = g - 95. List the prime factors of g.
5, 17
Let c = 228 + -227. What are the prime factors of 309 + (c/(-1))/1?
2, 7, 11
Let m(x) = -x**2 + 27*x - 70. Let c be m(3). List the prime factors of (1132 + 49)*(c + -1).
1181
What are the prime factors of 6711237/627 - 3/(-11)?
2, 3, 223
Let u = 93 - 161. Let l = u - -33. Let d = 62 + l. What are the prime factors of d?
3
Let p be 2/6 + (-10504)/(-78). What are the prime factors of (p/81)/(1/489)?
5, 163
Suppose -3*h + 6*h = 12. Let f be 30/8 - 81/108. Suppose 0*j - 4*o = h*j - 24, -f*j + 18 = -2*o. What are the prime factors of j?
2, 3
Let l = -3 + 23. Suppose 0 = 11*x + 97 - l. List the prime factors of x*(-4 - (-78)/(-21)).
2, 3
Suppose -5*a = -41 + 6. Suppose 0*y - a*y = -5292. List the prime factors of y.
2, 3, 7
What are the prime factors of 24598 - 4 - (-5 + 21)?
2, 12289
Suppose 0*f - f + s = 65, -f + 4*s - 68 = 0. Let i = -62 - f. Suppose 0 = -i*z + 77 + 205. List the prime factors of z.
3, 47
Let v = -72 - -232. Let w(f) = f**2 + 12*f - 4. Let d be w(-12). What are the prime factors of (-2)/(2*d/v) - 1?
3, 13
Let i be 5346/(-330) + (-6)/(-5). What are the prime factors of 6/((-13)/(50570/i))?
2, 389
Let d be 1/(1/(-86 - -1)). Let m be (-22)/(-5) - (-34)/d. Suppose -5*z + 6 = 1, 0 = m*g - 2*z - 630. List the prime factors of g.
2, 79
Let z(m) = 5*m**2 - 7*m - 1. Suppose 11*x - 2 = 10*x. Let i be -2*(-2 - (-9)/x). What are the prime factors of z(i)?
3, 53
Let l(v) = 6*v - 9. Let d(b) = -5*b - 21. Let t(f) = -f**2 - 7*f - 6. Let x be t(-7). Let j be d(x). What are the prime factors of l(j)?
3, 5
Let m(r) = r**2 - 7*r + 55. Let u be m(30). Suppose 2*c = 5*v + u, 4*c - 4*v = 646 + 850. W